{"id":780,"date":"2025-11-19T15:04:48","date_gmt":"2025-11-19T14:04:48","guid":{"rendered":"https:\/\/www.notalmargen.com\/?post_type=product&#038;p=780"},"modified":"2026-04-13T10:46:21","modified_gmt":"2026-04-13T08:46:21","slug":"visita-a-un-madrid-en-guerra","status":"publish","type":"product","link":"https:\/\/www.notalmargen.com\/de\/libros\/visita-a-un-madrid-en-guerra\/","title":{"rendered":"Visita a un Madrid en guerra"},"content":{"rendered":"<p>\u00abTodo ello se va, desaparece para siempre jam\u00e1s, con la sensibilidad de los hombres que lo han descubierto en sus contemplaciones. Desaparece, aunque los vol\u00famenes, las l\u00edneas, la luz permanezcan. Desaparece como si nunca hubiese nacido, como el ser que muere antes de arribar a la conciencia, porque no ha logrado la expresi\u00f3n pura, perenne \u2014debiera ser musical\u2014, desprendida de los accidentes personales e hist\u00f3ricos. Se restaura un templo, un palacio, pero no un punto de la sensibilidad depurada, fugaz e inasible por su propia delicadeza. Vendr\u00e1 quien ame y contemple otras cosas, en manera distinta. Pero aquellas, desde el mundo de los sentimientos, vuelven a la nada\u00bb.<\/p>\n<p>En noviembre de 1937, Manuel Aza\u00f1a visita Madrid por \u00faltima vez. Conmovido por la atm\u00f3sfera de resignaci\u00f3n y silencio, reflexiona sobre la tragedia de la guerra. Un testimonio escrito desde la mirada culta, sensible y desencantada de una de las figuras m\u00e1s l\u00facidas de la Rep\u00fablica.<\/p>\n","protected":false},"excerpt":{"rendered":"<p>\u00abTodo ello se va, desaparece para siempre jam\u00e1s, con la sensibilidad de los hombres que lo han descubierto en sus contemplaciones. Desaparece, aunque los vol\u00famenes, las l\u00edneas, la luz permanezcan&#8230;.<\/p>\n","protected":false},"featured_media":781,"template":"","meta":{"_acf_changed":false},"product_brand":[],"product_cat":[29,42],"product_tag":[],"class_list":{"0":"post-780","1":"product","2":"type-product","3":"status-publish","4":"has-post-thumbnail","6":"coleccion-paz-piedad-perdon","7":"product_cat-colecciones","8":"product_cat-paz-piedad-perdon","10":"first","11":"outofstock","12":"downloadable","13":"virtual","14":"product-type-simple"},"acf":[],"yoast_head":"<!-- This site is optimized with the Yoast SEO plugin v26.7 - https:\/\/yoast.com\/wordpress\/plugins\/seo\/ -->\n<title>Visita a un Madrid en guerra | Nota al margen<\/title>\n<meta name=\"robots\" content=\"index, follow, max-snippet:-1, max-image-preview:large, max-video-preview:-1\" \/>\n<link rel=\"canonical\" href=\"https:\/\/www.notalmargen.com\/libros\/visita-a-un-madrid-en-guerra\/\" \/>\n<meta property=\"og:locale\" content=\"de_DE\" \/>\n<meta property=\"og:type\" content=\"article\" \/>\n<meta property=\"og:title\" content=\"Visita a un Madrid en guerra | Nota al margen\" \/>\n<meta property=\"og:description\" content=\"\u00abTodo ello se va, desaparece para siempre jam\u00e1s, con la sensibilidad de los hombres que lo han descubierto en sus contemplaciones. Desaparece, aunque los vol\u00famenes, las l\u00edneas, la luz permanezcan....\" \/>\n<meta property=\"og:url\" content=\"https:\/\/www.notalmargen.com\/libros\/visita-a-un-madrid-en-guerra\/\" \/>\n<meta property=\"og:site_name\" content=\"Nota al margen\" \/>\n<meta property=\"article:modified_time\" content=\"2026-04-13T08:46:21+00:00\" \/>\n<meta property=\"og:image\" content=\"https:\/\/www.notalmargen.com\/wp-content\/uploads\/2025\/11\/NAM-VisitaAUnMadridEnGuerra-Cubierta-ADAPTACION-WEB.jpg\" \/>\n\t<meta property=\"og:image:width\" content=\"809\" \/>\n\t<meta property=\"og:image:height\" content=\"1240\" \/>\n\t<meta property=\"og:image:type\" content=\"image\/jpeg\" \/>\n<meta name=\"twitter:card\" content=\"summary_large_image\" \/>\n<meta name=\"twitter:label1\" content=\"Gesch\u00e4tzte Lesezeit\" \/>\n\t<meta name=\"twitter:data1\" content=\"1\u00a0Minute\" \/>\n<script type=\"application\/ld+json\" class=\"yoast-schema-graph\">{\"@context\":\"https:\/\/schema.org\",\"@graph\":[{\"@type\":\"WebPage\",\"@id\":\"https:\/\/www.notalmargen.com\/libros\/visita-a-un-madrid-en-guerra\/\",\"url\":\"https:\/\/www.notalmargen.com\/libros\/visita-a-un-madrid-en-guerra\/\",\"name\":\"Visita a un Madrid en guerra | Nota al margen\",\"isPartOf\":{\"@id\":\"https:\/\/www.notalmargen.com\/#website\"},\"primaryImageOfPage\":{\"@id\":\"https:\/\/www.notalmargen.com\/libros\/visita-a-un-madrid-en-guerra\/#primaryimage\"},\"image\":{\"@id\":\"https:\/\/www.notalmargen.com\/libros\/visita-a-un-madrid-en-guerra\/#primaryimage\"},\"thumbnailUrl\":\"https:\/\/www.notalmargen.com\/wp-content\/uploads\/2025\/11\/NAM-VisitaAUnMadridEnGuerra-Cubierta-ADAPTACION-WEB.jpg\",\"datePublished\":\"2025-11-19T14:04:48+00:00\",\"dateModified\":\"2026-04-13T08:46:21+00:00\",\"breadcrumb\":{\"@id\":\"https:\/\/www.notalmargen.com\/libros\/visita-a-un-madrid-en-guerra\/#breadcrumb\"},\"inLanguage\":\"de\",\"potentialAction\":[{\"@type\":\"ReadAction\",\"target\":[\"https:\/\/www.notalmargen.com\/libros\/visita-a-un-madrid-en-guerra\/\"]}]},{\"@type\":\"ImageObject\",\"inLanguage\":\"de\",\"@id\":\"https:\/\/www.notalmargen.com\/libros\/visita-a-un-madrid-en-guerra\/#primaryimage\",\"url\":\"https:\/\/www.notalmargen.com\/wp-content\/uploads\/2025\/11\/NAM-VisitaAUnMadridEnGuerra-Cubierta-ADAPTACION-WEB.jpg\",\"contentUrl\":\"https:\/\/www.notalmargen.com\/wp-content\/uploads\/2025\/11\/NAM-VisitaAUnMadridEnGuerra-Cubierta-ADAPTACION-WEB.jpg\",\"width\":809,\"height\":1240},{\"@type\":\"BreadcrumbList\",\"@id\":\"https:\/\/www.notalmargen.com\/libros\/visita-a-un-madrid-en-guerra\/#breadcrumb\",\"itemListElement\":[{\"@type\":\"ListItem\",\"position\":1,\"name\":\"Portada\",\"item\":\"https:\/\/www.notalmargen.com\/\"},{\"@type\":\"ListItem\",\"position\":2,\"name\":\"Shop\",\"item\":\"https:\/\/www.notalmargen.com\/de\/shop\/\"},{\"@type\":\"ListItem\",\"position\":3,\"name\":\"Visita a un Madrid en guerra\"}]},{\"@type\":\"WebSite\",\"@id\":\"https:\/\/www.notalmargen.com\/#website\",\"url\":\"https:\/\/www.notalmargen.com\/\",\"name\":\"Nota al margen\",\"description\":\"Editorial independiente\",\"potentialAction\":[{\"@type\":\"SearchAction\",\"target\":{\"@type\":\"EntryPoint\",\"urlTemplate\":\"https:\/\/www.notalmargen.com\/?s={search_term_string}\"},\"query-input\":{\"@type\":\"PropertyValueSpecification\",\"valueRequired\":true,\"valueName\":\"search_term_string\"}}],\"inLanguage\":\"de\"}]}<\/script>\n<!-- \/ Yoast SEO plugin. -->","yoast_head_json":{"title":"Visita a un Madrid en guerra | Nota al margen","robots":{"index":"index","follow":"follow","max-snippet":"max-snippet:-1","max-image-preview":"max-image-preview:large","max-video-preview":"max-video-preview:-1"},"canonical":"https:\/\/www.notalmargen.com\/libros\/visita-a-un-madrid-en-guerra\/","og_locale":"de_DE","og_type":"article","og_title":"Visita a un Madrid en guerra | Nota al margen","og_description":"\u00abTodo ello se va, desaparece para siempre jam\u00e1s, con la sensibilidad de los hombres que lo han descubierto en sus contemplaciones. Desaparece, aunque los vol\u00famenes, las l\u00edneas, la luz permanezcan....","og_url":"https:\/\/www.notalmargen.com\/libros\/visita-a-un-madrid-en-guerra\/","og_site_name":"Nota al margen","article_modified_time":"2026-04-13T08:46:21+00:00","og_image":[{"width":809,"height":1240,"url":"https:\/\/www.notalmargen.com\/wp-content\/uploads\/2025\/11\/NAM-VisitaAUnMadridEnGuerra-Cubierta-ADAPTACION-WEB.jpg","type":"image\/jpeg"}],"twitter_card":"summary_large_image","twitter_misc":{"Gesch\u00e4tzte Lesezeit":"1\u00a0Minute"},"schema":{"@context":"https:\/\/schema.org","@graph":[{"@type":"WebPage","@id":"https:\/\/www.notalmargen.com\/libros\/visita-a-un-madrid-en-guerra\/","url":"https:\/\/www.notalmargen.com\/libros\/visita-a-un-madrid-en-guerra\/","name":"Visita a un Madrid en guerra | Nota al margen","isPartOf":{"@id":"https:\/\/www.notalmargen.com\/#website"},"primaryImageOfPage":{"@id":"https:\/\/www.notalmargen.com\/libros\/visita-a-un-madrid-en-guerra\/#primaryimage"},"image":{"@id":"https:\/\/www.notalmargen.com\/libros\/visita-a-un-madrid-en-guerra\/#primaryimage"},"thumbnailUrl":"https:\/\/www.notalmargen.com\/wp-content\/uploads\/2025\/11\/NAM-VisitaAUnMadridEnGuerra-Cubierta-ADAPTACION-WEB.jpg","datePublished":"2025-11-19T14:04:48+00:00","dateModified":"2026-04-13T08:46:21+00:00","breadcrumb":{"@id":"https:\/\/www.notalmargen.com\/libros\/visita-a-un-madrid-en-guerra\/#breadcrumb"},"inLanguage":"de","potentialAction":[{"@type":"ReadAction","target":["https:\/\/www.notalmargen.com\/libros\/visita-a-un-madrid-en-guerra\/"]}]},{"@type":"ImageObject","inLanguage":"de","@id":"https:\/\/www.notalmargen.com\/libros\/visita-a-un-madrid-en-guerra\/#primaryimage","url":"https:\/\/www.notalmargen.com\/wp-content\/uploads\/2025\/11\/NAM-VisitaAUnMadridEnGuerra-Cubierta-ADAPTACION-WEB.jpg","contentUrl":"https:\/\/www.notalmargen.com\/wp-content\/uploads\/2025\/11\/NAM-VisitaAUnMadridEnGuerra-Cubierta-ADAPTACION-WEB.jpg","width":809,"height":1240},{"@type":"BreadcrumbList","@id":"https:\/\/www.notalmargen.com\/libros\/visita-a-un-madrid-en-guerra\/#breadcrumb","itemListElement":[{"@type":"ListItem","position":1,"name":"Portada","item":"https:\/\/www.notalmargen.com\/"},{"@type":"ListItem","position":2,"name":"Shop","item":"https:\/\/www.notalmargen.com\/de\/shop\/"},{"@type":"ListItem","position":3,"name":"Visita a un Madrid en guerra"}]},{"@type":"WebSite","@id":"https:\/\/www.notalmargen.com\/#website","url":"https:\/\/www.notalmargen.com\/","name":"Nota al margen","description":"Editorial independiente","potentialAction":[{"@type":"SearchAction","target":{"@type":"EntryPoint","urlTemplate":"https:\/\/www.notalmargen.com\/?s={search_term_string}"},"query-input":{"@type":"PropertyValueSpecification","valueRequired":true,"valueName":"search_term_string"}}],"inLanguage":"de"}]}},"_links":{"self":[{"href":"https:\/\/www.notalmargen.com\/de\/wp-json\/wp\/v2\/product\/780","targetHints":{"allow":["GET"]}}],"collection":[{"href":"https:\/\/www.notalmargen.com\/de\/wp-json\/wp\/v2\/product"}],"about":[{"href":"https:\/\/www.notalmargen.com\/de\/wp-json\/wp\/v2\/types\/product"}],"wp:featuredmedia":[{"embeddable":true,"href":"https:\/\/www.notalmargen.com\/de\/wp-json\/wp\/v2\/media\/781"}],"wp:attachment":[{"href":"https:\/\/www.notalmargen.com\/de\/wp-json\/wp\/v2\/media?parent=780"}],"wp:term":[{"taxonomy":"product_brand","embeddable":true,"href":"https:\/\/www.notalmargen.com\/de\/wp-json\/wp\/v2\/product_brand?post=780"},{"taxonomy":"product_cat","embeddable":true,"href":"https:\/\/www.notalmargen.com\/de\/wp-json\/wp\/v2\/product_cat?post=780"},{"taxonomy":"product_tag","embeddable":true,"href":"https:\/\/www.notalmargen.com\/de\/wp-json\/wp\/v2\/product_tag?post=780"}],"curies":[{"name":"wp","href":"https:\/\/api.w.org\/{rel}","templated":true}]}}

<p>«Todo ello se va, desaparece para siempre jamás, con la sensibilidad de los hombres que lo han descubierto en sus contemplaciones. Desaparece, aunque los volúmenes, las líneas, la luz permanezcan. Desaparece como si nunca hubiese nacido, como el ser que muere antes de arribar a la conciencia, porque no ha logrado la expresión pura, perenne —debiera ser musical—, desprendida de los accidentes personales e históricos. Se restaura un templo, un palacio, pero no un punto de la sensibilidad depurada, fugaz e inasible por su propia delicadeza. Vendrá quien ame y contemple otras cosas, en manera distinta. Pero aquellas, desde el mundo de los sentimientos, vuelven a la nada».</p>
<p>En noviembre de 1937, Manuel Azaña visita Madrid por última vez. Conmovido por la atmósfera de resignación y silencio, reflexiona sobre la tragedia de la guerra. Un testimonio escrito desde la mirada culta, sensible y desencantada de una de las figuras más lúcidas de la República.</p>

<p>«Todo ello se va, desaparece para siempre jamás, con la sensibilidad de los hombres que lo han descubierto en sus contemplaciones. Desaparece, aunque los volúmenes, las líneas, la luz permanezcan&#8230;.</p>

<!-- This site is optimized with the Yoast SEO plugin v26.7 - https://yoast.com/wordpress/plugins/seo/ -->
<title>Visita a un Madrid en guerra | Nota al margen</title>
<meta name="robots" content="index, follow, max-snippet:-1, max-image-preview:large, max-video-preview:-1" />
<link rel="canonical" href="https://www.notalmargen.com/libros/visita-a-un-madrid-en-guerra/" />
<meta property="og:locale" content="de_DE" />
<meta property="og:type" content="article" />
<meta property="og:title" content="Visita a un Madrid en guerra | Nota al margen" />
<meta property="og:description" content="«Todo ello se va, desaparece para siempre jamás, con la sensibilidad de los hombres que lo han descubierto en sus contemplaciones. Desaparece, aunque los volúmenes, las líneas, la luz permanezcan...." />
<meta property="og:url" content="https://www.notalmargen.com/libros/visita-a-un-madrid-en-guerra/" />
<meta property="og:site_name" content="Nota al margen" />
<meta property="article:modified_time" content="2026-04-13T08:46:21+00:00" />
<meta property="og:image" content="https://www.notalmargen.com/wp-content/uploads/2025/11/NAM-VisitaAUnMadridEnGuerra-Cubierta-ADAPTACION-WEB.jpg" />
	<meta property="og:image:width" content="809" />
	<meta property="og:image:height" content="1240" />
	<meta property="og:image:type" content="image/jpeg" />
<meta name="twitter:card" content="summary_large_image" />
<meta name="twitter:label1" content="Geschätzte Lesezeit" />
	<meta name="twitter:data1" content="1 Minute" />
<script type="application/ld+json" class="yoast-schema-graph">{"@context":"https://schema.org","@graph":[{"@type":"WebPage","@id":"https://www.notalmargen.com/libros/visita-a-un-madrid-en-guerra/","url":"https://www.notalmargen.com/libros/visita-a-un-madrid-en-guerra/","name":"Visita a un Madrid en guerra | Nota al margen","isPartOf":{"@id":"https://www.notalmargen.com/#website"},"primaryImageOfPage":{"@id":"https://www.notalmargen.com/libros/visita-a-un-madrid-en-guerra/#primaryimage"},"image":{"@id":"https://www.notalmargen.com/libros/visita-a-un-madrid-en-guerra/#primaryimage"},"thumbnailUrl":"https://www.notalmargen.com/wp-content/uploads/2025/11/NAM-VisitaAUnMadridEnGuerra-Cubierta-ADAPTACION-WEB.jpg","datePublished":"2025-11-19T14:04:48+00:00","dateModified":"2026-04-13T08:46:21+00:00","breadcrumb":{"@id":"https://www.notalmargen.com/libros/visita-a-un-madrid-en-guerra/#breadcrumb"},"inLanguage":"de","potentialAction":[{"@type":"ReadAction","target":["https://www.notalmargen.com/libros/visita-a-un-madrid-en-guerra/"]}]},{"@type":"ImageObject","inLanguage":"de","@id":"https://www.notalmargen.com/libros/visita-a-un-madrid-en-guerra/#primaryimage","url":"https://www.notalmargen.com/wp-content/uploads/2025/11/NAM-VisitaAUnMadridEnGuerra-Cubierta-ADAPTACION-WEB.jpg","contentUrl":"https://www.notalmargen.com/wp-content/uploads/2025/11/NAM-VisitaAUnMadridEnGuerra-Cubierta-ADAPTACION-WEB.jpg","width":809,"height":1240},{"@type":"BreadcrumbList","@id":"https://www.notalmargen.com/libros/visita-a-un-madrid-en-guerra/#breadcrumb","itemListElement":[{"@type":"ListItem","position":1,"name":"Portada","item":"https://www.notalmargen.com/"},{"@type":"ListItem","position":2,"name":"Shop","item":"https://www.notalmargen.com/de/shop/"},{"@type":"ListItem","position":3,"name":"Visita a un Madrid en guerra"}]},{"@type":"WebSite","@id":"https://www.notalmargen.com/#website","url":"https://www.notalmargen.com/","name":"Nota al margen","description":"Editorial independiente","potentialAction":[{"@type":"SearchAction","target":{"@type":"EntryPoint","urlTemplate":"https://www.notalmargen.com/?s={search_term_string}"},"query-input":{"@type":"PropertyValueSpecification","valueRequired":true,"valueName":"search_term_string"}}],"inLanguage":"de"}]}</script>
<!-- / Yoast SEO plugin. -->

«Todo ello se va, desaparece para siempre jamás, con la sensibilidad de los hombres que lo han descubierto en sus contemplaciones. Desaparece, aunque los volúmenes, las líneas, la luz permanezcan....
