{"id":457,"date":"2025-07-28T12:39:04","date_gmt":"2025-07-28T10:39:04","guid":{"rendered":"https:\/\/www.notalmargen.com\/?post_type=product&#038;p=457"},"modified":"2026-04-15T17:28:06","modified_gmt":"2026-04-15T15:28:06","slug":"tormenta-de-polvo-fino","status":"publish","type":"product","link":"https:\/\/www.notalmargen.com\/de\/libros\/tormenta-de-polvo-fino\/","title":{"rendered":"Tormenta de polvo fino"},"content":{"rendered":"<p>\u00abHablo con mucha gente que ha sido arrancada del lugar asignado por la vida, y todos quieren volver alguna vez; los primeros recuerdos se graban y se esculpen en la memoria, y los pasadizos por los que nos movemos est\u00e1n tapizados con las im\u00e1genes de esa primera \u00e9poca, cuando permanec\u00edamos, cuando a\u00fan no sab\u00edamos que \u00edbamos a irnos\u00bb.<\/p>\n<p>A trav\u00e9s de recuerdos personales y memorias ajenas rescatadas de archivos polvorientos, los personajes de Tormenta de polvo fino transitan dos siglos de la historia de Espa\u00f1a, desde la guerra de la Independencia hasta nuestros d\u00edas.<\/p>\n<p>Entre la expectativa, la incertidumbre y el desencanto, un afrancesado entiende que el progreso solo puede provenir de las fuerzas extranjeras, una familia espa\u00f1ola llega de las colonias de ultramar, una actriz es traicionada por su \u00e9poca y un profesor lucha en la Guerra Civil en el bando que termina coartando su destino. Historias que revelan los vaivenes de un pa\u00eds convulso.<\/p>\n<p>Con una mirada cr\u00edtica hacia la pol\u00edtica y el poder, un estilo depurado y un lenguaje preciso, Carlos Fortea reflexiona sobre el modo en que el pasado condiciona el presente y si recordar es, acaso, una forma de comprender.<\/p>\n","protected":false},"excerpt":{"rendered":"<p>\u00abHablo con mucha gente que ha sido arrancada del lugar asignado por la vida, y todos quieren volver alguna vez; los primeros recuerdos se graban y se esculpen en la&#8230;<\/p>\n","protected":false},"featured_media":458,"template":"","meta":{"_acf_changed":false},"product_brand":[],"product_cat":[29,33],"product_tag":[],"class_list":{"0":"post-457","1":"product","2":"type-product","3":"status-publish","4":"has-post-thumbnail","6":"coleccion-hallazgos","7":"product_cat-colecciones","8":"product_cat-hallazgos","10":"first","11":"outofstock","12":"downloadable","13":"virtual","14":"product-type-simple"},"acf":[],"yoast_head":"<!-- This site is optimized with the Yoast SEO plugin v26.7 - https:\/\/yoast.com\/wordpress\/plugins\/seo\/ -->\n<title>Tormenta de polvo fino | Nota al margen<\/title>\n<meta name=\"robots\" content=\"index, follow, max-snippet:-1, max-image-preview:large, max-video-preview:-1\" \/>\n<link rel=\"canonical\" href=\"https:\/\/www.notalmargen.com\/libros\/tormenta-de-polvo-fino\/\" \/>\n<meta property=\"og:locale\" content=\"de_DE\" \/>\n<meta property=\"og:type\" content=\"article\" \/>\n<meta property=\"og:title\" content=\"Tormenta de polvo fino | Nota al margen\" \/>\n<meta property=\"og:description\" content=\"\u00abHablo con mucha gente que ha sido arrancada del lugar asignado por la vida, y todos quieren volver alguna vez; los primeros recuerdos se graban y se esculpen en la...\" \/>\n<meta property=\"og:url\" content=\"https:\/\/www.notalmargen.com\/libros\/tormenta-de-polvo-fino\/\" \/>\n<meta property=\"og:site_name\" content=\"Nota al margen\" \/>\n<meta property=\"article:modified_time\" content=\"2026-04-15T15:28:06+00:00\" \/>\n<meta property=\"og:image\" content=\"https:\/\/www.notalmargen.com\/wp-content\/uploads\/2025\/07\/NAM-TormentaDePolvoFino-AF-914x1400-1.jpg\" \/>\n\t<meta property=\"og:image:width\" content=\"914\" \/>\n\t<meta property=\"og:image:height\" content=\"1400\" \/>\n\t<meta property=\"og:image:type\" content=\"image\/jpeg\" \/>\n<meta name=\"twitter:card\" content=\"summary_large_image\" \/>\n<meta name=\"twitter:label1\" content=\"Gesch\u00e4tzte Lesezeit\" \/>\n\t<meta name=\"twitter:data1\" content=\"2\u00a0Minuten\" \/>\n<script type=\"application\/ld+json\" class=\"yoast-schema-graph\">{\"@context\":\"https:\/\/schema.org\",\"@graph\":[{\"@type\":\"WebPage\",\"@id\":\"https:\/\/www.notalmargen.com\/libros\/tormenta-de-polvo-fino\/\",\"url\":\"https:\/\/www.notalmargen.com\/libros\/tormenta-de-polvo-fino\/\",\"name\":\"Tormenta de polvo fino | Nota al margen\",\"isPartOf\":{\"@id\":\"https:\/\/www.notalmargen.com\/#website\"},\"primaryImageOfPage\":{\"@id\":\"https:\/\/www.notalmargen.com\/libros\/tormenta-de-polvo-fino\/#primaryimage\"},\"image\":{\"@id\":\"https:\/\/www.notalmargen.com\/libros\/tormenta-de-polvo-fino\/#primaryimage\"},\"thumbnailUrl\":\"https:\/\/www.notalmargen.com\/wp-content\/uploads\/2025\/07\/NAM-TormentaDePolvoFino-AF-914x1400-1.jpg\",\"datePublished\":\"2025-07-28T10:39:04+00:00\",\"dateModified\":\"2026-04-15T15:28:06+00:00\",\"breadcrumb\":{\"@id\":\"https:\/\/www.notalmargen.com\/libros\/tormenta-de-polvo-fino\/#breadcrumb\"},\"inLanguage\":\"de\",\"potentialAction\":[{\"@type\":\"ReadAction\",\"target\":[\"https:\/\/www.notalmargen.com\/libros\/tormenta-de-polvo-fino\/\"]}]},{\"@type\":\"ImageObject\",\"inLanguage\":\"de\",\"@id\":\"https:\/\/www.notalmargen.com\/libros\/tormenta-de-polvo-fino\/#primaryimage\",\"url\":\"https:\/\/www.notalmargen.com\/wp-content\/uploads\/2025\/07\/NAM-TormentaDePolvoFino-AF-914x1400-1.jpg\",\"contentUrl\":\"https:\/\/www.notalmargen.com\/wp-content\/uploads\/2025\/07\/NAM-TormentaDePolvoFino-AF-914x1400-1.jpg\",\"width\":914,\"height\":1400},{\"@type\":\"BreadcrumbList\",\"@id\":\"https:\/\/www.notalmargen.com\/libros\/tormenta-de-polvo-fino\/#breadcrumb\",\"itemListElement\":[{\"@type\":\"ListItem\",\"position\":1,\"name\":\"Portada\",\"item\":\"https:\/\/www.notalmargen.com\/\"},{\"@type\":\"ListItem\",\"position\":2,\"name\":\"Shop\",\"item\":\"https:\/\/www.notalmargen.com\/de\/shop\/\"},{\"@type\":\"ListItem\",\"position\":3,\"name\":\"Tormenta de polvo fino\"}]},{\"@type\":\"WebSite\",\"@id\":\"https:\/\/www.notalmargen.com\/#website\",\"url\":\"https:\/\/www.notalmargen.com\/\",\"name\":\"Nota al margen\",\"description\":\"Editorial independiente\",\"potentialAction\":[{\"@type\":\"SearchAction\",\"target\":{\"@type\":\"EntryPoint\",\"urlTemplate\":\"https:\/\/www.notalmargen.com\/?s={search_term_string}\"},\"query-input\":{\"@type\":\"PropertyValueSpecification\",\"valueRequired\":true,\"valueName\":\"search_term_string\"}}],\"inLanguage\":\"de\"}]}<\/script>\n<!-- \/ Yoast SEO plugin. -->","yoast_head_json":{"title":"Tormenta de polvo fino | Nota al margen","robots":{"index":"index","follow":"follow","max-snippet":"max-snippet:-1","max-image-preview":"max-image-preview:large","max-video-preview":"max-video-preview:-1"},"canonical":"https:\/\/www.notalmargen.com\/libros\/tormenta-de-polvo-fino\/","og_locale":"de_DE","og_type":"article","og_title":"Tormenta de polvo fino | Nota al margen","og_description":"\u00abHablo con mucha gente que ha sido arrancada del lugar asignado por la vida, y todos quieren volver alguna vez; los primeros recuerdos se graban y se esculpen en la...","og_url":"https:\/\/www.notalmargen.com\/libros\/tormenta-de-polvo-fino\/","og_site_name":"Nota al margen","article_modified_time":"2026-04-15T15:28:06+00:00","og_image":[{"width":914,"height":1400,"url":"https:\/\/www.notalmargen.com\/wp-content\/uploads\/2025\/07\/NAM-TormentaDePolvoFino-AF-914x1400-1.jpg","type":"image\/jpeg"}],"twitter_card":"summary_large_image","twitter_misc":{"Gesch\u00e4tzte Lesezeit":"2\u00a0Minuten"},"schema":{"@context":"https:\/\/schema.org","@graph":[{"@type":"WebPage","@id":"https:\/\/www.notalmargen.com\/libros\/tormenta-de-polvo-fino\/","url":"https:\/\/www.notalmargen.com\/libros\/tormenta-de-polvo-fino\/","name":"Tormenta de polvo fino | Nota al margen","isPartOf":{"@id":"https:\/\/www.notalmargen.com\/#website"},"primaryImageOfPage":{"@id":"https:\/\/www.notalmargen.com\/libros\/tormenta-de-polvo-fino\/#primaryimage"},"image":{"@id":"https:\/\/www.notalmargen.com\/libros\/tormenta-de-polvo-fino\/#primaryimage"},"thumbnailUrl":"https:\/\/www.notalmargen.com\/wp-content\/uploads\/2025\/07\/NAM-TormentaDePolvoFino-AF-914x1400-1.jpg","datePublished":"2025-07-28T10:39:04+00:00","dateModified":"2026-04-15T15:28:06+00:00","breadcrumb":{"@id":"https:\/\/www.notalmargen.com\/libros\/tormenta-de-polvo-fino\/#breadcrumb"},"inLanguage":"de","potentialAction":[{"@type":"ReadAction","target":["https:\/\/www.notalmargen.com\/libros\/tormenta-de-polvo-fino\/"]}]},{"@type":"ImageObject","inLanguage":"de","@id":"https:\/\/www.notalmargen.com\/libros\/tormenta-de-polvo-fino\/#primaryimage","url":"https:\/\/www.notalmargen.com\/wp-content\/uploads\/2025\/07\/NAM-TormentaDePolvoFino-AF-914x1400-1.jpg","contentUrl":"https:\/\/www.notalmargen.com\/wp-content\/uploads\/2025\/07\/NAM-TormentaDePolvoFino-AF-914x1400-1.jpg","width":914,"height":1400},{"@type":"BreadcrumbList","@id":"https:\/\/www.notalmargen.com\/libros\/tormenta-de-polvo-fino\/#breadcrumb","itemListElement":[{"@type":"ListItem","position":1,"name":"Portada","item":"https:\/\/www.notalmargen.com\/"},{"@type":"ListItem","position":2,"name":"Shop","item":"https:\/\/www.notalmargen.com\/de\/shop\/"},{"@type":"ListItem","position":3,"name":"Tormenta de polvo fino"}]},{"@type":"WebSite","@id":"https:\/\/www.notalmargen.com\/#website","url":"https:\/\/www.notalmargen.com\/","name":"Nota al margen","description":"Editorial independiente","potentialAction":[{"@type":"SearchAction","target":{"@type":"EntryPoint","urlTemplate":"https:\/\/www.notalmargen.com\/?s={search_term_string}"},"query-input":{"@type":"PropertyValueSpecification","valueRequired":true,"valueName":"search_term_string"}}],"inLanguage":"de"}]}},"_links":{"self":[{"href":"https:\/\/www.notalmargen.com\/de\/wp-json\/wp\/v2\/product\/457","targetHints":{"allow":["GET"]}}],"collection":[{"href":"https:\/\/www.notalmargen.com\/de\/wp-json\/wp\/v2\/product"}],"about":[{"href":"https:\/\/www.notalmargen.com\/de\/wp-json\/wp\/v2\/types\/product"}],"wp:featuredmedia":[{"embeddable":true,"href":"https:\/\/www.notalmargen.com\/de\/wp-json\/wp\/v2\/media\/458"}],"wp:attachment":[{"href":"https:\/\/www.notalmargen.com\/de\/wp-json\/wp\/v2\/media?parent=457"}],"wp:term":[{"taxonomy":"product_brand","embeddable":true,"href":"https:\/\/www.notalmargen.com\/de\/wp-json\/wp\/v2\/product_brand?post=457"},{"taxonomy":"product_cat","embeddable":true,"href":"https:\/\/www.notalmargen.com\/de\/wp-json\/wp\/v2\/product_cat?post=457"},{"taxonomy":"product_tag","embeddable":true,"href":"https:\/\/www.notalmargen.com\/de\/wp-json\/wp\/v2\/product_tag?post=457"}],"curies":[{"name":"wp","href":"https:\/\/api.w.org\/{rel}","templated":true}]}}

<p>«Hablo con mucha gente que ha sido arrancada del lugar asignado por la vida, y todos quieren volver alguna vez; los primeros recuerdos se graban y se esculpen en la memoria, y los pasadizos por los que nos movemos están tapizados con las imágenes de esa primera época, cuando permanecíamos, cuando aún no sabíamos que íbamos a irnos».</p>
<p>A través de recuerdos personales y memorias ajenas rescatadas de archivos polvorientos, los personajes de Tormenta de polvo fino transitan dos siglos de la historia de España, desde la guerra de la Independencia hasta nuestros días.</p>
<p>Entre la expectativa, la incertidumbre y el desencanto, un afrancesado entiende que el progreso solo puede provenir de las fuerzas extranjeras, una familia española llega de las colonias de ultramar, una actriz es traicionada por su época y un profesor lucha en la Guerra Civil en el bando que termina coartando su destino. Historias que revelan los vaivenes de un país convulso.</p>
<p>Con una mirada crítica hacia la política y el poder, un estilo depurado y un lenguaje preciso, Carlos Fortea reflexiona sobre el modo en que el pasado condiciona el presente y si recordar es, acaso, una forma de comprender.</p>

<!-- This site is optimized with the Yoast SEO plugin v26.7 - https://yoast.com/wordpress/plugins/seo/ -->
<title>Tormenta de polvo fino | Nota al margen</title>
<meta name="robots" content="index, follow, max-snippet:-1, max-image-preview:large, max-video-preview:-1" />
<link rel="canonical" href="https://www.notalmargen.com/libros/tormenta-de-polvo-fino/" />
<meta property="og:locale" content="de_DE" />
<meta property="og:type" content="article" />
<meta property="og:title" content="Tormenta de polvo fino | Nota al margen" />
<meta property="og:description" content="«Hablo con mucha gente que ha sido arrancada del lugar asignado por la vida, y todos quieren volver alguna vez; los primeros recuerdos se graban y se esculpen en la..." />
<meta property="og:url" content="https://www.notalmargen.com/libros/tormenta-de-polvo-fino/" />
<meta property="og:site_name" content="Nota al margen" />
<meta property="article:modified_time" content="2026-04-15T15:28:06+00:00" />
<meta property="og:image" content="https://www.notalmargen.com/wp-content/uploads/2025/07/NAM-TormentaDePolvoFino-AF-914x1400-1.jpg" />
	<meta property="og:image:width" content="914" />
	<meta property="og:image:height" content="1400" />
	<meta property="og:image:type" content="image/jpeg" />
<meta name="twitter:card" content="summary_large_image" />
<meta name="twitter:label1" content="Geschätzte Lesezeit" />
	<meta name="twitter:data1" content="2 Minuten" />
<script type="application/ld+json" class="yoast-schema-graph">{"@context":"https://schema.org","@graph":[{"@type":"WebPage","@id":"https://www.notalmargen.com/libros/tormenta-de-polvo-fino/","url":"https://www.notalmargen.com/libros/tormenta-de-polvo-fino/","name":"Tormenta de polvo fino | Nota al margen","isPartOf":{"@id":"https://www.notalmargen.com/#website"},"primaryImageOfPage":{"@id":"https://www.notalmargen.com/libros/tormenta-de-polvo-fino/#primaryimage"},"image":{"@id":"https://www.notalmargen.com/libros/tormenta-de-polvo-fino/#primaryimage"},"thumbnailUrl":"https://www.notalmargen.com/wp-content/uploads/2025/07/NAM-TormentaDePolvoFino-AF-914x1400-1.jpg","datePublished":"2025-07-28T10:39:04+00:00","dateModified":"2026-04-15T15:28:06+00:00","breadcrumb":{"@id":"https://www.notalmargen.com/libros/tormenta-de-polvo-fino/#breadcrumb"},"inLanguage":"de","potentialAction":[{"@type":"ReadAction","target":["https://www.notalmargen.com/libros/tormenta-de-polvo-fino/"]}]},{"@type":"ImageObject","inLanguage":"de","@id":"https://www.notalmargen.com/libros/tormenta-de-polvo-fino/#primaryimage","url":"https://www.notalmargen.com/wp-content/uploads/2025/07/NAM-TormentaDePolvoFino-AF-914x1400-1.jpg","contentUrl":"https://www.notalmargen.com/wp-content/uploads/2025/07/NAM-TormentaDePolvoFino-AF-914x1400-1.jpg","width":914,"height":1400},{"@type":"BreadcrumbList","@id":"https://www.notalmargen.com/libros/tormenta-de-polvo-fino/#breadcrumb","itemListElement":[{"@type":"ListItem","position":1,"name":"Portada","item":"https://www.notalmargen.com/"},{"@type":"ListItem","position":2,"name":"Shop","item":"https://www.notalmargen.com/de/shop/"},{"@type":"ListItem","position":3,"name":"Tormenta de polvo fino"}]},{"@type":"WebSite","@id":"https://www.notalmargen.com/#website","url":"https://www.notalmargen.com/","name":"Nota al margen","description":"Editorial independiente","potentialAction":[{"@type":"SearchAction","target":{"@type":"EntryPoint","urlTemplate":"https://www.notalmargen.com/?s={search_term_string}"},"query-input":{"@type":"PropertyValueSpecification","valueRequired":true,"valueName":"search_term_string"}}],"inLanguage":"de"}]}</script>
<!-- / Yoast SEO plugin. -->
