{"id":1143,"date":"2026-04-27T16:18:09","date_gmt":"2026-04-27T14:18:09","guid":{"rendered":"https:\/\/www.notalmargen.com\/?post_type=product&#038;p=1143"},"modified":"2026-04-27T16:18:25","modified_gmt":"2026-04-27T14:18:25","slug":"el-futuro-se-cuida-solo","status":"publish","type":"product","link":"https:\/\/www.notalmargen.com\/de\/libros\/el-futuro-se-cuida-solo\/","title":{"rendered":"El futuro se cuida solo"},"content":{"rendered":"<p>\u00abQuiz\u00e1 este ensayo no sea al fin y al cabo nada m\u00e1s que eso, un laboratorio de pruebas donde hacer resonar las voces de diferentes historiadores y pensadores y de distintos escritores y artistas para que sus obras sirvan como avanzadilla para entender el momento al que hemos llegado\u00bb.<\/p>\n<p>Rojo explora las transformaciones de la sociedad moderna y a trav\u00e9s de una mirada al pasado y de la mano de la literatura, la historia y la m\u00fasica profundiza sobre conceptos como \u00abLa nada\u00bb en torno a las revoluciones de 1848, \u00abEl grito\u00bb que aborda las vanguardias de principios del siglo xx, \u00abEl vals\u00bb sobre la reconstrucci\u00f3n de Europa y \u00abLa fractura\u00bb del fin de un mundo tras la ca\u00edda del muro de Berl\u00edn, los atentados del 11-S y la llegada de la era digital.<\/p>\n<p><em>El futuro se cuida solo<\/em> no pretende ofrecer respuestas f\u00e1ciles ni un relato cerrado de la historia. Es una invitaci\u00f3n a cada \u00e9poca desde sus propias circunstancias y a reflexionar sobre c\u00f3mo han condicionado la forma en que entendemos nuestro tiempo. Una obra que invita al lector a reconocer los ecos del pasado en el presente y a cuestionar la consolidaci\u00f3n de este nuevo soberano que, de la mano del m\u00f3vil, lo quiere todo y lo quiere ahora.<\/p>\n","protected":false},"excerpt":{"rendered":"<p>\u00abQuiz\u00e1 este ensayo no sea al fin y al cabo nada m\u00e1s que eso, un laboratorio de pruebas donde hacer resonar las voces de diferentes historiadores y pensadores y de&#8230;<\/p>\n","protected":false},"featured_media":1146,"template":"","meta":{"_acf_changed":false},"product_brand":[],"product_cat":[30,27],"product_tag":[],"class_list":{"0":"post-1143","1":"product","2":"type-product","3":"status-publish","4":"has-post-thumbnail","6":"coleccion-perspectivas","7":"product_cat-perspectivas","8":"product_cat-sin-categorizar","10":"first","11":"instock","12":"shipping-taxable","13":"product-type-simple"},"acf":[],"yoast_head":"<!-- This site is optimized with the Yoast SEO plugin v26.7 - https:\/\/yoast.com\/wordpress\/plugins\/seo\/ -->\n<title>El futuro se cuida solo | Nota al margen<\/title>\n<meta name=\"robots\" content=\"index, follow, max-snippet:-1, max-image-preview:large, max-video-preview:-1\" \/>\n<link rel=\"canonical\" href=\"https:\/\/www.notalmargen.com\/libros\/el-futuro-se-cuida-solo\/\" \/>\n<meta property=\"og:locale\" content=\"de_DE\" \/>\n<meta property=\"og:type\" content=\"article\" \/>\n<meta property=\"og:title\" content=\"El futuro se cuida solo | Nota al margen\" \/>\n<meta property=\"og:description\" content=\"\u00abQuiz\u00e1 este ensayo no sea al fin y al cabo nada m\u00e1s que eso, un laboratorio de pruebas donde hacer resonar las voces de diferentes historiadores y pensadores y de...\" \/>\n<meta property=\"og:url\" content=\"https:\/\/www.notalmargen.com\/libros\/el-futuro-se-cuida-solo\/\" \/>\n<meta property=\"og:site_name\" content=\"Nota al margen\" \/>\n<meta property=\"article:modified_time\" content=\"2026-04-27T14:18:25+00:00\" \/>\n<meta property=\"og:image\" content=\"https:\/\/www.notalmargen.com\/wp-content\/uploads\/2026\/04\/NAM-ElFuturoSeCuidaSolo-Portada-V1.jpg\" \/>\n\t<meta property=\"og:image:width\" content=\"1478\" \/>\n\t<meta property=\"og:image:height\" content=\"2266\" \/>\n\t<meta property=\"og:image:type\" content=\"image\/jpeg\" \/>\n<meta name=\"twitter:card\" content=\"summary_large_image\" \/>\n<meta name=\"twitter:label1\" content=\"Gesch\u00e4tzte Lesezeit\" \/>\n\t<meta name=\"twitter:data1\" content=\"2\u00a0Minuten\" \/>\n<script type=\"application\/ld+json\" class=\"yoast-schema-graph\">{\"@context\":\"https:\/\/schema.org\",\"@graph\":[{\"@type\":\"WebPage\",\"@id\":\"https:\/\/www.notalmargen.com\/libros\/el-futuro-se-cuida-solo\/\",\"url\":\"https:\/\/www.notalmargen.com\/libros\/el-futuro-se-cuida-solo\/\",\"name\":\"El futuro se cuida solo | Nota al margen\",\"isPartOf\":{\"@id\":\"https:\/\/www.notalmargen.com\/#website\"},\"primaryImageOfPage\":{\"@id\":\"https:\/\/www.notalmargen.com\/libros\/el-futuro-se-cuida-solo\/#primaryimage\"},\"image\":{\"@id\":\"https:\/\/www.notalmargen.com\/libros\/el-futuro-se-cuida-solo\/#primaryimage\"},\"thumbnailUrl\":\"https:\/\/www.notalmargen.com\/wp-content\/uploads\/2026\/04\/NAM-ElFuturoSeCuidaSolo-Portada-V1.jpg\",\"datePublished\":\"2026-04-27T14:18:09+00:00\",\"dateModified\":\"2026-04-27T14:18:25+00:00\",\"breadcrumb\":{\"@id\":\"https:\/\/www.notalmargen.com\/libros\/el-futuro-se-cuida-solo\/#breadcrumb\"},\"inLanguage\":\"de\",\"potentialAction\":[{\"@type\":\"ReadAction\",\"target\":[\"https:\/\/www.notalmargen.com\/libros\/el-futuro-se-cuida-solo\/\"]}]},{\"@type\":\"ImageObject\",\"inLanguage\":\"de\",\"@id\":\"https:\/\/www.notalmargen.com\/libros\/el-futuro-se-cuida-solo\/#primaryimage\",\"url\":\"https:\/\/www.notalmargen.com\/wp-content\/uploads\/2026\/04\/NAM-ElFuturoSeCuidaSolo-Portada-V1.jpg\",\"contentUrl\":\"https:\/\/www.notalmargen.com\/wp-content\/uploads\/2026\/04\/NAM-ElFuturoSeCuidaSolo-Portada-V1.jpg\",\"width\":1478,\"height\":2266},{\"@type\":\"BreadcrumbList\",\"@id\":\"https:\/\/www.notalmargen.com\/libros\/el-futuro-se-cuida-solo\/#breadcrumb\",\"itemListElement\":[{\"@type\":\"ListItem\",\"position\":1,\"name\":\"Portada\",\"item\":\"https:\/\/www.notalmargen.com\/\"},{\"@type\":\"ListItem\",\"position\":2,\"name\":\"Shop\",\"item\":\"https:\/\/www.notalmargen.com\/de\/shop\/\"},{\"@type\":\"ListItem\",\"position\":3,\"name\":\"El futuro se cuida solo\"}]},{\"@type\":\"WebSite\",\"@id\":\"https:\/\/www.notalmargen.com\/#website\",\"url\":\"https:\/\/www.notalmargen.com\/\",\"name\":\"Nota al margen\",\"description\":\"Editorial independiente\",\"potentialAction\":[{\"@type\":\"SearchAction\",\"target\":{\"@type\":\"EntryPoint\",\"urlTemplate\":\"https:\/\/www.notalmargen.com\/?s={search_term_string}\"},\"query-input\":{\"@type\":\"PropertyValueSpecification\",\"valueRequired\":true,\"valueName\":\"search_term_string\"}}],\"inLanguage\":\"de\"}]}<\/script>\n<!-- \/ Yoast SEO plugin. -->","yoast_head_json":{"title":"El futuro se cuida solo | Nota al margen","robots":{"index":"index","follow":"follow","max-snippet":"max-snippet:-1","max-image-preview":"max-image-preview:large","max-video-preview":"max-video-preview:-1"},"canonical":"https:\/\/www.notalmargen.com\/libros\/el-futuro-se-cuida-solo\/","og_locale":"de_DE","og_type":"article","og_title":"El futuro se cuida solo | Nota al margen","og_description":"\u00abQuiz\u00e1 este ensayo no sea al fin y al cabo nada m\u00e1s que eso, un laboratorio de pruebas donde hacer resonar las voces de diferentes historiadores y pensadores y de...","og_url":"https:\/\/www.notalmargen.com\/libros\/el-futuro-se-cuida-solo\/","og_site_name":"Nota al margen","article_modified_time":"2026-04-27T14:18:25+00:00","og_image":[{"width":1478,"height":2266,"url":"https:\/\/www.notalmargen.com\/wp-content\/uploads\/2026\/04\/NAM-ElFuturoSeCuidaSolo-Portada-V1.jpg","type":"image\/jpeg"}],"twitter_card":"summary_large_image","twitter_misc":{"Gesch\u00e4tzte Lesezeit":"2\u00a0Minuten"},"schema":{"@context":"https:\/\/schema.org","@graph":[{"@type":"WebPage","@id":"https:\/\/www.notalmargen.com\/libros\/el-futuro-se-cuida-solo\/","url":"https:\/\/www.notalmargen.com\/libros\/el-futuro-se-cuida-solo\/","name":"El futuro se cuida solo | Nota al margen","isPartOf":{"@id":"https:\/\/www.notalmargen.com\/#website"},"primaryImageOfPage":{"@id":"https:\/\/www.notalmargen.com\/libros\/el-futuro-se-cuida-solo\/#primaryimage"},"image":{"@id":"https:\/\/www.notalmargen.com\/libros\/el-futuro-se-cuida-solo\/#primaryimage"},"thumbnailUrl":"https:\/\/www.notalmargen.com\/wp-content\/uploads\/2026\/04\/NAM-ElFuturoSeCuidaSolo-Portada-V1.jpg","datePublished":"2026-04-27T14:18:09+00:00","dateModified":"2026-04-27T14:18:25+00:00","breadcrumb":{"@id":"https:\/\/www.notalmargen.com\/libros\/el-futuro-se-cuida-solo\/#breadcrumb"},"inLanguage":"de","potentialAction":[{"@type":"ReadAction","target":["https:\/\/www.notalmargen.com\/libros\/el-futuro-se-cuida-solo\/"]}]},{"@type":"ImageObject","inLanguage":"de","@id":"https:\/\/www.notalmargen.com\/libros\/el-futuro-se-cuida-solo\/#primaryimage","url":"https:\/\/www.notalmargen.com\/wp-content\/uploads\/2026\/04\/NAM-ElFuturoSeCuidaSolo-Portada-V1.jpg","contentUrl":"https:\/\/www.notalmargen.com\/wp-content\/uploads\/2026\/04\/NAM-ElFuturoSeCuidaSolo-Portada-V1.jpg","width":1478,"height":2266},{"@type":"BreadcrumbList","@id":"https:\/\/www.notalmargen.com\/libros\/el-futuro-se-cuida-solo\/#breadcrumb","itemListElement":[{"@type":"ListItem","position":1,"name":"Portada","item":"https:\/\/www.notalmargen.com\/"},{"@type":"ListItem","position":2,"name":"Shop","item":"https:\/\/www.notalmargen.com\/de\/shop\/"},{"@type":"ListItem","position":3,"name":"El futuro se cuida solo"}]},{"@type":"WebSite","@id":"https:\/\/www.notalmargen.com\/#website","url":"https:\/\/www.notalmargen.com\/","name":"Nota al margen","description":"Editorial independiente","potentialAction":[{"@type":"SearchAction","target":{"@type":"EntryPoint","urlTemplate":"https:\/\/www.notalmargen.com\/?s={search_term_string}"},"query-input":{"@type":"PropertyValueSpecification","valueRequired":true,"valueName":"search_term_string"}}],"inLanguage":"de"}]}},"_links":{"self":[{"href":"https:\/\/www.notalmargen.com\/de\/wp-json\/wp\/v2\/product\/1143","targetHints":{"allow":["GET"]}}],"collection":[{"href":"https:\/\/www.notalmargen.com\/de\/wp-json\/wp\/v2\/product"}],"about":[{"href":"https:\/\/www.notalmargen.com\/de\/wp-json\/wp\/v2\/types\/product"}],"wp:featuredmedia":[{"embeddable":true,"href":"https:\/\/www.notalmargen.com\/de\/wp-json\/wp\/v2\/media\/1146"}],"wp:attachment":[{"href":"https:\/\/www.notalmargen.com\/de\/wp-json\/wp\/v2\/media?parent=1143"}],"wp:term":[{"taxonomy":"product_brand","embeddable":true,"href":"https:\/\/www.notalmargen.com\/de\/wp-json\/wp\/v2\/product_brand?post=1143"},{"taxonomy":"product_cat","embeddable":true,"href":"https:\/\/www.notalmargen.com\/de\/wp-json\/wp\/v2\/product_cat?post=1143"},{"taxonomy":"product_tag","embeddable":true,"href":"https:\/\/www.notalmargen.com\/de\/wp-json\/wp\/v2\/product_tag?post=1143"}],"curies":[{"name":"wp","href":"https:\/\/api.w.org\/{rel}","templated":true}]}}

<p>«Quizá este ensayo no sea al fin y al cabo nada más que eso, un laboratorio de pruebas donde hacer resonar las voces de diferentes historiadores y pensadores y de distintos escritores y artistas para que sus obras sirvan como avanzadilla para entender el momento al que hemos llegado».</p>
<p>Rojo explora las transformaciones de la sociedad moderna y a través de una mirada al pasado y de la mano de la literatura, la historia y la música profundiza sobre conceptos como «La nada» en torno a las revoluciones de 1848, «El grito» que aborda las vanguardias de principios del siglo xx, «El vals» sobre la reconstrucción de Europa y «La fractura» del fin de un mundo tras la caída del muro de Berlín, los atentados del 11-S y la llegada de la era digital.</p>
<p><em>El futuro se cuida solo</em> no pretende ofrecer respuestas fáciles ni un relato cerrado de la historia. Es una invitación a cada época desde sus propias circunstancias y a reflexionar sobre cómo han condicionado la forma en que entendemos nuestro tiempo. Una obra que invita al lector a reconocer los ecos del pasado en el presente y a cuestionar la consolidación de este nuevo soberano que, de la mano del móvil, lo quiere todo y lo quiere ahora.</p>

<p>«Quizá este ensayo no sea al fin y al cabo nada más que eso, un laboratorio de pruebas donde hacer resonar las voces de diferentes historiadores y pensadores y de&#8230;</p>

<!-- This site is optimized with the Yoast SEO plugin v26.7 - https://yoast.com/wordpress/plugins/seo/ -->
<title>El futuro se cuida solo | Nota al margen</title>
<meta name="robots" content="index, follow, max-snippet:-1, max-image-preview:large, max-video-preview:-1" />
<link rel="canonical" href="https://www.notalmargen.com/libros/el-futuro-se-cuida-solo/" />
<meta property="og:locale" content="de_DE" />
<meta property="og:type" content="article" />
<meta property="og:title" content="El futuro se cuida solo | Nota al margen" />
<meta property="og:description" content="«Quizá este ensayo no sea al fin y al cabo nada más que eso, un laboratorio de pruebas donde hacer resonar las voces de diferentes historiadores y pensadores y de..." />
<meta property="og:url" content="https://www.notalmargen.com/libros/el-futuro-se-cuida-solo/" />
<meta property="og:site_name" content="Nota al margen" />
<meta property="article:modified_time" content="2026-04-27T14:18:25+00:00" />
<meta property="og:image" content="https://www.notalmargen.com/wp-content/uploads/2026/04/NAM-ElFuturoSeCuidaSolo-Portada-V1.jpg" />
	<meta property="og:image:width" content="1478" />
	<meta property="og:image:height" content="2266" />
	<meta property="og:image:type" content="image/jpeg" />
<meta name="twitter:card" content="summary_large_image" />
<meta name="twitter:label1" content="Geschätzte Lesezeit" />
	<meta name="twitter:data1" content="2 Minuten" />
<script type="application/ld+json" class="yoast-schema-graph">{"@context":"https://schema.org","@graph":[{"@type":"WebPage","@id":"https://www.notalmargen.com/libros/el-futuro-se-cuida-solo/","url":"https://www.notalmargen.com/libros/el-futuro-se-cuida-solo/","name":"El futuro se cuida solo | Nota al margen","isPartOf":{"@id":"https://www.notalmargen.com/#website"},"primaryImageOfPage":{"@id":"https://www.notalmargen.com/libros/el-futuro-se-cuida-solo/#primaryimage"},"image":{"@id":"https://www.notalmargen.com/libros/el-futuro-se-cuida-solo/#primaryimage"},"thumbnailUrl":"https://www.notalmargen.com/wp-content/uploads/2026/04/NAM-ElFuturoSeCuidaSolo-Portada-V1.jpg","datePublished":"2026-04-27T14:18:09+00:00","dateModified":"2026-04-27T14:18:25+00:00","breadcrumb":{"@id":"https://www.notalmargen.com/libros/el-futuro-se-cuida-solo/#breadcrumb"},"inLanguage":"de","potentialAction":[{"@type":"ReadAction","target":["https://www.notalmargen.com/libros/el-futuro-se-cuida-solo/"]}]},{"@type":"ImageObject","inLanguage":"de","@id":"https://www.notalmargen.com/libros/el-futuro-se-cuida-solo/#primaryimage","url":"https://www.notalmargen.com/wp-content/uploads/2026/04/NAM-ElFuturoSeCuidaSolo-Portada-V1.jpg","contentUrl":"https://www.notalmargen.com/wp-content/uploads/2026/04/NAM-ElFuturoSeCuidaSolo-Portada-V1.jpg","width":1478,"height":2266},{"@type":"BreadcrumbList","@id":"https://www.notalmargen.com/libros/el-futuro-se-cuida-solo/#breadcrumb","itemListElement":[{"@type":"ListItem","position":1,"name":"Portada","item":"https://www.notalmargen.com/"},{"@type":"ListItem","position":2,"name":"Shop","item":"https://www.notalmargen.com/de/shop/"},{"@type":"ListItem","position":3,"name":"El futuro se cuida solo"}]},{"@type":"WebSite","@id":"https://www.notalmargen.com/#website","url":"https://www.notalmargen.com/","name":"Nota al margen","description":"Editorial independiente","potentialAction":[{"@type":"SearchAction","target":{"@type":"EntryPoint","urlTemplate":"https://www.notalmargen.com/?s={search_term_string}"},"query-input":{"@type":"PropertyValueSpecification","valueRequired":true,"valueName":"search_term_string"}}],"inLanguage":"de"}]}</script>
<!-- / Yoast SEO plugin. -->

«Quizá este ensayo no sea al fin y al cabo nada más que eso, un laboratorio de pruebas donde hacer resonar las voces de diferentes historiadores y pensadores y de...
